{"id":76,"date":"2011-11-03T00:18:07","date_gmt":"2011-11-02T15:18:07","guid":{"rendered":"http:\/\/adkith.com\/?page_id=76"},"modified":"2023-04-17T12:36:39","modified_gmt":"2023-04-17T03:36:39","slug":"%e2%91%a5portugues","status":"publish","type":"page","link":"http:\/\/adkith.com\/?page_id=76","title":{"rendered":"\u2465Portugu\u00eas"},"content":{"rendered":"<p>\u30dd\u30eb\u30c8\u30ac\u30eb\u8a9e<\/p>\n<hr>\n<p><font size=\"5\" color=\"orangered\"><center>Aviso de mudan\u00e7a de endere\u00e7o.<\/center><\/font><br \/>\nNovo Endere\u00e7o:\u3012379-2203\u3000Gunma ken Isesaki Shi Magarisawa machi 543-2<\/p>\n<hr>\n<p>Isesaki Forklift Center Adkith<br \/>\nObtenha sua carteira de empilhadeira conosco e dirija em qualquer parte do Jap\u00e1 o<br \/>\n(sem prazo de validade)<\/p>\n<p>1-O aluno pode escolher os dias para realizar o curso!<br \/>\nAs reserrvas podem ser feitas pelo telefone! *mudan\u00e7a de hor\u00e1rio ou cancelamento<br \/>\n2-Escolha o dia entre em contato conosco.<br \/>\n3-Para os alunos estrangeiros,podemos ditar otesre!!!<br \/>\n*Para as pessoas que falam e compreendem a l\u00ed ngua japonesa. N\u00e3o precisar saber ler e nem escrever!<\/p>\n<p>Programa\u00e7\u00e3o dos cursos, hor\u00e1rios e forma de se matricular:<br \/>\nCursos e taxas(todos os pre\u00e7os j\u00e1 est\u00e3o com acr\u00e9scimo de 8%)<\/p>\n<p>2023\/04\/01\uff5e<\/p>\n<table border=\"1\" cellspacing=\"0\" cellpadding=\"0\">\n<tbody>\n<tr>\n<td valign=\"top\" width=\"193\">Curso de 31 horas \u2013 4dias<\/td>\n<td valign=\"top\" width=\"193\"><span style=\"color: #ff0000;\">\uffe542,000<\/span><span style=\"color: #ff0000;\">(incluso ,\uffe53,818)<\/span><\/td>\n<td valign=\"top\" width=\"193\">Carteira comun *Caminh\u00e3o de m\u00e9dio porte * Caminh\u00e3o grande *Tratores pesados<\/td>\n<\/tr>\n<tr>\n<td valign=\"top\" width=\"193\">Curso de 35 horas \u2013 5dias<\/td>\n<td valign=\"top\" width=\"193\"><span style=\"color: #ff0000;\">\uffe545,000<\/span><span style=\"color: #ff0000;\">(incluso ,\uffe54,091)<\/span><\/td>\n<td valign=\"top\" width=\"193\">Alumos que possuem habilita\u00e7\u00e3o de motocicleta *Alunos que n\u00e3o possuem habilita\u00e7\u00e3o<\/td>\n<\/tr>\n<\/tbody>\n<\/table>\n<p>Para a realiza\u00e7\u00e3o do curso, ser\u00e1 emprestado todo o material did\u00e1tico, ao final do curso, devolver todo o naterial. Se houver interesse do aluno em adquirir os livros, os mesmos ser\u00e3o vendidos pelo valor de \\1,800 Por favor, se houver interesse, avise no momento da inscri\u00e7\u00e3o.<br \/>\n<span style=\"color: #ff0000;\">*Se por algma circunst\u00e2ncia, a aluno tenha que viajar por motivos pessoais, a matr\u00edcula ser\u00e1 cancelada.<\/span><br \/>\nOalino pode escolher os dias para realizar o curso(prazo de 2 meses para terminar o curso)<br \/>\nHor\u00e1rio de recep\u00e7\u00e3o: 8:00\uff5e8:10<br \/>\nHor\u00e1rio de treinamento : 8:30\uff5e18:30 pode haver mudan\u00e7as nos hor\u00e1rios.<\/p>\n<p>Procedimento de matr\u00edcula<br \/>\n1-Fazer o download de inscri\u00e7\u00e3o no site, preencher e enviar via fax ou entregar pessoalmente.<br \/>\n2-Ao recebermos o fax , ligaremos para fazer a confirma\u00e7\u00e3o.No dia em que iniciar ocurso, por favor traga o papel original preechido, carteira de motorista(cart\u00e3o do plano de sa\u00fade ou atestado de resid\u00eancia)carimbo,l\u00e1pis, borracha, o valor integral do curso em dinheiro ou comprovante de dep\u00f3sito banc\u00e1rio antecipad.<br \/>\n3-As c\u00f3pias dos documentos mencionados, poder\u00e3o ser tiradas na escola.<\/p>\n<p>Formas de pagamento<br \/>\n1-Dep\u00f3sito banc\u00e1rio antecipado(7 dias antes do in\u00edcio do curso)<br \/>\nNome do banco: Gunma Ginkou<br \/>\nAg\u00eancia: Takasaki Nishi<br \/>\nNome: \u30a2\u30c9\u30ad\u30b9<br \/>\nConta normal \u2013 Futs\u00fa yokin: 0770486<br \/>\n2-Pagamento em dinheiro no momento da inscri\u00e7\u00e3o.<\/p>\n<p>Outros<br \/>\n1-Se houver desejo em alterar o curso ou n\u00e3o puder comparecer, por faver, nos avise o mais breve poss\u00edvel.<br \/>\n2-Qualquer eventual d\u00favida, n\u00e3o hesite em pergunter.<br \/>\n3-A licen\u00e7a de empilhadeira ser\u00e1 emitida no final do curso para os alunos que forem bem sucedidos.<\/p>\n<p>Centoro de empilhadeira de Isesaki Adkith Autoridade de registro n\u309c162<br \/>\nEndere\u00e7o : Gunmaken,Isesaki-shi,magarisawamachi543-2<br \/>\nTelefone celular:080-6680-4654 Fax:027-386-8686<\/p>\n","protected":false},"excerpt":{"rendered":"<p>\u30dd\u30eb\u30c8\u30ac\u30eb\u8a9e Aviso de mudan\u00e7a de endere\u00e7o. Nov &hellip; <a href=\"http:\/\/adkith.com\/?page_id=76\">\u7d9a\u304d\u3092\u8aad\u3080 <span class=\"meta-nav\">&rarr;<\/span><\/a><\/p>\n","protected":false},"author":1,"featured_media":0,"parent":0,"menu_order":0,"comment_status":"closed","ping_status":"closed","template":"","meta":{"footnotes":""},"class_list":["post-76","page","type-page","status-publish","hentry"],"_links":{"self":[{"href":"http:\/\/adkith.com\/index.php?rest_route=\/wp\/v2\/pages\/76","targetHints":{"allow":["GET"]}}],"collection":[{"href":"http:\/\/adkith.com\/index.php?rest_route=\/wp\/v2\/pages"}],"about":[{"href":"http:\/\/adkith.com\/index.php?rest_route=\/wp\/v2\/types\/page"}],"author":[{"embeddable":true,"href":"http:\/\/adkith.com\/index.php?rest_route=\/wp\/v2\/users\/1"}],"replies":[{"embeddable":true,"href":"http:\/\/adkith.com\/index.php?rest_route=%2Fwp%2Fv2%2Fcomments&post=76"}],"version-history":[{"count":40,"href":"http:\/\/adkith.com\/index.php?rest_route=\/wp\/v2\/pages\/76\/revisions"}],"predecessor-version":[{"id":603,"href":"http:\/\/adkith.com\/index.php?rest_route=\/wp\/v2\/pages\/76\/revisions\/603"}],"wp:attachment":[{"href":"http:\/\/adkith.com\/index.php?rest_route=%2Fwp%2Fv2%2Fmedia&parent=76"}],"curies":[{"name":"wp","href":"https:\/\/api.w.org\/{rel}","templated":true}]}}